{"id":487,"date":"2024-05-05T14:50:57","date_gmt":"2024-05-05T14:50:57","guid":{"rendered":"http:\/\/swenjakleen.de\/?page_id=487"},"modified":"2024-05-11T10:43:06","modified_gmt":"2024-05-11T10:43:06","slug":"start","status":"publish","type":"page","link":"https:\/\/swenjakleen.de\/","title":{"rendered":""},"content":{"rendered":"\n<div class=\"wp-block-cover alignfull is-light wp-duotone-unset-1\" style=\"margin-top:0;padding-top:4vw;padding-right:4vw;padding-bottom:4vw;padding-left:4vw;min-height:50vh;aspect-ratio:unset;\"><span aria-hidden=\"true\" class=\"wp-block-cover__background has-background-dim-0 has-background-dim\" style=\"background-color:#2c3066\"><\/span><img loading=\"lazy\" decoding=\"async\" width=\"2560\" height=\"1700\" class=\"wp-block-cover__image-background wp-image-651\" alt=\"\" src=\"http:\/\/swenjakleen.de\/wp-content\/uploads\/2024\/05\/DSC_0463-1-scaled.jpg\" data-object-fit=\"cover\" srcset=\"https:\/\/swenjakleen.de\/wp-content\/uploads\/2024\/05\/DSC_0463-1-scaled.jpg 2560w, https:\/\/swenjakleen.de\/wp-content\/uploads\/2024\/05\/DSC_0463-1-300x199.jpg 300w, https:\/\/swenjakleen.de\/wp-content\/uploads\/2024\/05\/DSC_0463-1-1024x680.jpg 1024w, https:\/\/swenjakleen.de\/wp-content\/uploads\/2024\/05\/DSC_0463-1-768x510.jpg 768w, https:\/\/swenjakleen.de\/wp-content\/uploads\/2024\/05\/DSC_0463-1-1536x1020.jpg 1536w, https:\/\/swenjakleen.de\/wp-content\/uploads\/2024\/05\/DSC_0463-1-2048x1360.jpg 2048w\" sizes=\"auto, (max-width: 2560px) 100vw, 2560px\" \/><div class=\"wp-block-cover__inner-container is-layout-flow wp-block-cover-is-layout-flow\">\n<div class=\"wp-block-group is-layout-flow wp-container-core-group-is-layout-d6743c7d wp-block-group-is-layout-flow\">\n<div style=\"height:48px\" aria-hidden=\"true\" class=\"wp-block-spacer\"><\/div>\n\n\n\n<div class=\"wp-block-buttons is-content-justification-center is-layout-flex wp-container-core-buttons-is-layout-a89b3969 wp-block-buttons-is-layout-flex\"><\/div>\n<\/div>\n<\/div><\/div>\n\n\n\n<p class=\"has-text-align-center has-xx-large-font-size\">Unvergessliche Momente&#8230;<\/p>\n\n\n\n<p class=\"has-text-align-center\">An keinem anderen Tag, wie der Hochzeit, gibt es so viele Eindr\u00fccke und Erlebnisse, die man nie vergessen m\u00f6chte. Professionelle Hochzeitsfotografie sorgt daf\u00fcr, dass Ihre sch\u00f6nsten Augenblicke des Tages vom \u201eGetting Ready\u201c bis zum letzten Tanz, in Bildern festgehalten werden.<\/p>\n\n\n\n<p><\/p>\n\n\n\n<div class=\"wp-block-buttons is-content-justification-center is-layout-flex wp-container-core-buttons-is-layout-a89b3969 wp-block-buttons-is-layout-flex\">\n<div class=\"wp-block-button\"><a class=\"wp-block-button__link has-text-align-center wp-element-button\" href=\"http:\/\/swenjakleen.de\/kontaktformular\/\">DATUM ANFRAGEN<\/a><\/div>\n<\/div>\n\n\n\n<p class=\"has-text-align-center\"><\/p>\n\n\n\n<p><\/p>\n\n\n\n<p><\/p>\n\n\n\n<p><\/p>\n\n\n\n<p><\/p>\n\n\n\n<p><\/p>\n\n\n\n<p><\/p>\n\n\n\n<p><\/p>\n","protected":false},"excerpt":{"rendered":"<p>Unvergessliche Momente&#8230; An keinem anderen Tag, wie der Hochzeit, gibt es so viele Eindr\u00fccke und Erlebnisse, die man nie vergessen [&hellip;]<\/p>\n","protected":false},"author":1,"featured_media":0,"parent":0,"menu_order":1,"comment_status":"closed","ping_status":"open","template":"","meta":{"site-sidebar-layout":"default","site-content-layout":"","ast-site-content-layout":"default","site-content-style":"default","site-sidebar-style":"default","ast-global-header-display":"","ast-banner-title-visibility":"","ast-main-header-display":"","ast-hfb-above-header-display":"","ast-hfb-below-header-display":"","ast-hfb-mobile-header-display":"","site-post-title":"","ast-breadcrumbs-content":"","ast-featured-img":"","footer-sml-layout":"","theme-transparent-header-meta":"","adv-header-id-meta":"","stick-header-meta":"","header-above-stick-meta":"","header-main-stick-meta":"","header-below-stick-meta":"","astra-migrate-meta-layouts":"default","ast-page-background-enabled":"default","ast-page-background-meta":{"desktop":{"background-color":"var(--ast-global-color-5)","background-image":"","background-repeat":"repeat","background-position":"center center","background-size":"auto","background-attachment":"scroll","background-type":"","background-media":"","overlay-type":"","overlay-color":"","overlay-opacity":"","overlay-gradient":""},"tablet":{"background-color":"","background-image":"","background-repeat":"repeat","background-position":"center center","background-size":"auto","background-attachment":"scroll","background-type":"","background-media":"","overlay-type":"","overlay-color":"","overlay-opacity":"","overlay-gradient":""},"mobile":{"background-color":"","background-image":"","background-repeat":"repeat","background-position":"center center","background-size":"auto","background-attachment":"scroll","background-type":"","background-media":"","overlay-type":"","overlay-color":"","overlay-opacity":"","overlay-gradient":""}},"ast-content-background-meta":{"desktop":{"background-color":"var(--ast-global-color-4)","background-image":"","background-repeat":"repeat","background-position":"center center","background-size":"auto","background-attachment":"scroll","background-type":"","background-media":"","overlay-type":"","overlay-color":"","overlay-opacity":"","overlay-gradient":""},"tablet":{"background-color":"var(--ast-global-color-4)","background-image":"","background-repeat":"repeat","background-position":"center center","background-size":"auto","background-attachment":"scroll","background-type":"","background-media":"","overlay-type":"","overlay-color":"","overlay-opacity":"","overlay-gradient":""},"mobile":{"background-color":"var(--ast-global-color-4)","background-image":"","background-repeat":"repeat","background-position":"center center","background-size":"auto","background-attachment":"scroll","background-type":"","background-media":"","overlay-type":"","overlay-color":"","overlay-opacity":"","overlay-gradient":""}},"pgc_sgb_lightbox_settings":"","footnotes":""},"class_list":["post-487","page","type-page","status-publish","hentry"],"yoast_head":"<!-- This site is optimized with the Yoast SEO plugin v22.6 - https:\/\/yoast.com\/wordpress\/plugins\/seo\/ -->\n<title>- Swenja Kleen<\/title>\n<meta name=\"description\" content=\"Unvergessliche Momente&#8230; An keinem anderen Tag, wie der Hochzeit, gibt es so viele Eindr\u00fccke und Erlebnisse, die man nie vergessen [&hellip;]\" \/>\n<meta name=\"robots\" content=\"index, follow, max-snippet:-1, max-image-preview:large, max-video-preview:-1\" \/>\n<link rel=\"canonical\" href=\"https:\/\/swenjakleen.de\/\" \/>\n<meta property=\"og:locale\" content=\"de_DE\" \/>\n<meta property=\"og:type\" content=\"article\" \/>\n<meta property=\"og:title\" content=\"- Swenja Kleen\" \/>\n<meta property=\"og:description\" content=\"Unvergessliche Momente&#8230; An keinem anderen Tag, wie der Hochzeit, gibt es so viele Eindr\u00fccke und Erlebnisse, die man nie vergessen [&hellip;]\" \/>\n<meta property=\"og:url\" content=\"https:\/\/swenjakleen.de\/\" \/>\n<meta property=\"og:site_name\" content=\"Swenja Kleen\" \/>\n<meta property=\"article:modified_time\" content=\"2024-05-11T10:43:06+00:00\" \/>\n<meta property=\"og:image\" content=\"http:\/\/swenjakleen.de\/wp-content\/uploads\/2024\/05\/DSC_0463-1-scaled.jpg\" \/>\n<meta name=\"twitter:label1\" content=\"Gesch\u00e4tzte Lesezeit\" \/>\n\t<meta name=\"twitter:data1\" content=\"1\u00a0Minute\" \/>\n<script type=\"application\/ld+json\" class=\"yoast-schema-graph\">{\"@context\":\"https:\/\/schema.org\",\"@graph\":[{\"@type\":\"WebPage\",\"@id\":\"https:\/\/swenjakleen.de\/\",\"url\":\"https:\/\/swenjakleen.de\/\",\"name\":\"- Swenja Kleen\",\"isPartOf\":{\"@id\":\"https:\/\/swenjakleen.de\/#website\"},\"primaryImageOfPage\":{\"@id\":\"https:\/\/swenjakleen.de\/#primaryimage\"},\"image\":{\"@id\":\"https:\/\/swenjakleen.de\/#primaryimage\"},\"thumbnailUrl\":\"http:\/\/swenjakleen.de\/wp-content\/uploads\/2024\/05\/DSC_0463-1-scaled.jpg\",\"datePublished\":\"2024-05-05T14:50:57+00:00\",\"dateModified\":\"2024-05-11T10:43:06+00:00\",\"inLanguage\":\"de\",\"potentialAction\":[{\"@type\":\"ReadAction\",\"target\":[\"https:\/\/swenjakleen.de\/\"]}]},{\"@type\":\"ImageObject\",\"inLanguage\":\"de\",\"@id\":\"https:\/\/swenjakleen.de\/#primaryimage\",\"url\":\"https:\/\/swenjakleen.de\/wp-content\/uploads\/2024\/05\/DSC_0463-1-scaled.jpg\",\"contentUrl\":\"https:\/\/swenjakleen.de\/wp-content\/uploads\/2024\/05\/DSC_0463-1-scaled.jpg\",\"width\":2560,\"height\":1700},{\"@type\":\"WebSite\",\"@id\":\"https:\/\/swenjakleen.de\/#website\",\"url\":\"https:\/\/swenjakleen.de\/\",\"name\":\"Swenja Kleen\",\"description\":\"Photo &amp; Design\",\"publisher\":{\"@id\":\"https:\/\/swenjakleen.de\/#organization\"},\"potentialAction\":[{\"@type\":\"SearchAction\",\"target\":{\"@type\":\"EntryPoint\",\"urlTemplate\":\"https:\/\/swenjakleen.de\/?s={search_term_string}\"},\"query-input\":\"required name=search_term_string\"}],\"inLanguage\":\"de\"},{\"@type\":\"Organization\",\"@id\":\"https:\/\/swenjakleen.de\/#organization\",\"name\":\"Swenja Kleen\",\"url\":\"https:\/\/swenjakleen.de\/\",\"logo\":{\"@type\":\"ImageObject\",\"inLanguage\":\"de\",\"@id\":\"https:\/\/swenjakleen.de\/#\/schema\/logo\/image\/\",\"url\":\"https:\/\/swenjakleen.de\/wp-content\/uploads\/2024\/05\/Logo-1.png\",\"contentUrl\":\"https:\/\/swenjakleen.de\/wp-content\/uploads\/2024\/05\/Logo-1.png\",\"width\":945,\"height\":354,\"caption\":\"Swenja Kleen\"},\"image\":{\"@id\":\"https:\/\/swenjakleen.de\/#\/schema\/logo\/image\/\"}}]}<\/script>\n<!-- \/ Yoast SEO plugin. -->","yoast_head_json":{"title":"- Swenja Kleen","description":"Unvergessliche Momente&#8230; An keinem anderen Tag, wie der Hochzeit, gibt es so viele Eindr\u00fccke und Erlebnisse, die man nie vergessen [&hellip;]","robots":{"index":"index","follow":"follow","max-snippet":"max-snippet:-1","max-image-preview":"max-image-preview:large","max-video-preview":"max-video-preview:-1"},"canonical":"https:\/\/swenjakleen.de\/","og_locale":"de_DE","og_type":"article","og_title":"- Swenja Kleen","og_description":"Unvergessliche Momente&#8230; An keinem anderen Tag, wie der Hochzeit, gibt es so viele Eindr\u00fccke und Erlebnisse, die man nie vergessen [&hellip;]","og_url":"https:\/\/swenjakleen.de\/","og_site_name":"Swenja Kleen","article_modified_time":"2024-05-11T10:43:06+00:00","og_image":[{"url":"http:\/\/swenjakleen.de\/wp-content\/uploads\/2024\/05\/DSC_0463-1-scaled.jpg"}],"twitter_misc":{"Gesch\u00e4tzte Lesezeit":"1\u00a0Minute"},"schema":{"@context":"https:\/\/schema.org","@graph":[{"@type":"WebPage","@id":"https:\/\/swenjakleen.de\/","url":"https:\/\/swenjakleen.de\/","name":"- Swenja Kleen","isPartOf":{"@id":"https:\/\/swenjakleen.de\/#website"},"primaryImageOfPage":{"@id":"https:\/\/swenjakleen.de\/#primaryimage"},"image":{"@id":"https:\/\/swenjakleen.de\/#primaryimage"},"thumbnailUrl":"http:\/\/swenjakleen.de\/wp-content\/uploads\/2024\/05\/DSC_0463-1-scaled.jpg","datePublished":"2024-05-05T14:50:57+00:00","dateModified":"2024-05-11T10:43:06+00:00","inLanguage":"de","potentialAction":[{"@type":"ReadAction","target":["https:\/\/swenjakleen.de\/"]}]},{"@type":"ImageObject","inLanguage":"de","@id":"https:\/\/swenjakleen.de\/#primaryimage","url":"https:\/\/swenjakleen.de\/wp-content\/uploads\/2024\/05\/DSC_0463-1-scaled.jpg","contentUrl":"https:\/\/swenjakleen.de\/wp-content\/uploads\/2024\/05\/DSC_0463-1-scaled.jpg","width":2560,"height":1700},{"@type":"WebSite","@id":"https:\/\/swenjakleen.de\/#website","url":"https:\/\/swenjakleen.de\/","name":"Swenja Kleen","description":"Photo &amp; Design","publisher":{"@id":"https:\/\/swenjakleen.de\/#organization"},"potentialAction":[{"@type":"SearchAction","target":{"@type":"EntryPoint","urlTemplate":"https:\/\/swenjakleen.de\/?s={search_term_string}"},"query-input":"required name=search_term_string"}],"inLanguage":"de"},{"@type":"Organization","@id":"https:\/\/swenjakleen.de\/#organization","name":"Swenja Kleen","url":"https:\/\/swenjakleen.de\/","logo":{"@type":"ImageObject","inLanguage":"de","@id":"https:\/\/swenjakleen.de\/#\/schema\/logo\/image\/","url":"https:\/\/swenjakleen.de\/wp-content\/uploads\/2024\/05\/Logo-1.png","contentUrl":"https:\/\/swenjakleen.de\/wp-content\/uploads\/2024\/05\/Logo-1.png","width":945,"height":354,"caption":"Swenja Kleen"},"image":{"@id":"https:\/\/swenjakleen.de\/#\/schema\/logo\/image\/"}}]}},"_links":{"self":[{"href":"https:\/\/swenjakleen.de\/index.php?rest_route=\/wp\/v2\/pages\/487","targetHints":{"allow":["GET"]}}],"collection":[{"href":"https:\/\/swenjakleen.de\/index.php?rest_route=\/wp\/v2\/pages"}],"about":[{"href":"https:\/\/swenjakleen.de\/index.php?rest_route=\/wp\/v2\/types\/page"}],"author":[{"embeddable":true,"href":"https:\/\/swenjakleen.de\/index.php?rest_route=\/wp\/v2\/users\/1"}],"replies":[{"embeddable":true,"href":"https:\/\/swenjakleen.de\/index.php?rest_route=%2Fwp%2Fv2%2Fcomments&post=487"}],"version-history":[{"count":11,"href":"https:\/\/swenjakleen.de\/index.php?rest_route=\/wp\/v2\/pages\/487\/revisions"}],"predecessor-version":[{"id":716,"href":"https:\/\/swenjakleen.de\/index.php?rest_route=\/wp\/v2\/pages\/487\/revisions\/716"}],"wp:attachment":[{"href":"https:\/\/swenjakleen.de\/index.php?rest_route=%2Fwp%2Fv2%2Fmedia&parent=487"}],"curies":[{"name":"wp","href":"https:\/\/api.w.org\/{rel}","templated":true}]}}